k) = 11*d(k) + 4*o(k). Determine u(b).
7
Let c be 3/2*2 - (-4 - -6). Let m(i) = i**2. Give m(c).
1
Suppose -4*w + 6 = w - 2*u, -3*w - 4 = -5*u. Suppose -w*k - k = 0. Let l(t) be the third derivative of t**4/24 + t**3/6 + 18*t**2. What is l(k)?
1
Let c(h) = 2*h + 0*h - 2 + 0*h. Let q(x) = -2*x**2 + 4. Let r be q(-2). Calculate c(r).
-10
Let q = -3 - -5. Suppose -5*w - 21 = 2*x, -w - 4 - 5 = -q*x. Let h(r) = 5*r + 6 + 9*r**2 + 0*r**3 - r**3 - 3*r**2 + 2*r**3. Determine h(w).
6
Let r = -8 + 12. Let c be (-8 + r)*(-1)/(-4). Let l(o) = -3*o**2 + o + 1. Determine l(c).
-3
Let m(u) = -u**3 - 3*u**2 + 3. Let c(z) = -3*z**3 - 8*z**2 + 8. Let g(s) = -4*c(s) + 11*m(s). Let t = 1 - 1. Determine g(t).
1
Let d be (-1)/3*0 + 7. Let t(z) = -3*z + z + z - d. Let u = -6 + 6. Calculate t(u).
-7
Let k(m) be the third derivative of m**6/360 - m**5/120 - m**4/24 + m**3/2 - 3*m**2. Let v(i) be the first derivative of k(i). Determine v(3).
5
Let c(h) = -3*h + 30. Let i(t) be the third derivative of t**4/24 - 5*t**3/3 - 4*t**2. Let n(b) = 4*c(b) + 11*i(b). Give n(5).
5
Suppose z - 3*o = 14, -5*z - 5*o = -z - 5. Let b(i) be the first derivative of -7*i**2/2 - i + 2. Let s(c) = 8*c + 1. Let k(u) = z*b(u) + 4*s(u). Give k(1).
-4
Let a(g) = g**2 + g - 7. Suppose -2 = c, 5*q - 4*c + 4 = -6*c. Calculate a(q).
-7
Let o(t) = t**2 + 9*t + 1. Let b(d) = 2*d**2 + 17*d + 3. Let p(v) = -6*b(v) + 11*o(v). Let m(y) be the first derivative of p(y). Calculate m(-4).
5
Let j(d) = d**2 + 7*d + 3. Let i be j(-7). Let a(h) = h**3 + 5*h**2 - 2*h - 2. Let v(u) = -u**3 - 4*u**2 + 2*u + 2. Let r(w) = 6*a(w) + 7*v(w). Calculate r(i).
-1
Suppose 0 = 2*x - y - 12, 3*y - 24 = -5*x + 4*y. Let o(m) = -5*m**2 - m + 0*m + 0*m**2 + x*m**3 - 5*m**3. What is o(-5)?
5
Let s(z) be the first derivative of -z**2/2 - 3*z + 20. Give s(-5).
2
Let b(j) = 4*j + 3. Let y(h) = -h. Let n(a) = b(a) + 5*y(a). Give n(6).
-3
Let r(i) = -i**2 + 4*i - 1. Let s be r(3). Let y(z) be the second derivative of -z**4/6 + z**3/2 - z**2/2 + 16*z. Determine y(s).
-3
Let b(a) be the second derivative of -a**5/20 + a**4/4 + a**3/2 + 2*a**2 + 18*a. Calculate b(4).
0
Let v(n) = -n**2 - 1. Let w(u) = 7. Let z(c) = 6*v(c) + w(c). Calculate z(-1).
-5
Let q(y) = y**3 + 4*y**2 + 2*y - 1. Let v be 2 - (-56)/(4 + 0). Suppose -3*u - u = v. Determine q(u).
-9
Let n(q) be the first derivative of -q**4/4 + q**3/3 + 32*q - 24. Calculate n(0).
32
Let x(h) = -h. Let o = 1 - 2. Let s be x(o). Let p(l) = l**3 + s + 0 + 1 - l**2. Determine p(2).
6
Let a(l) be the first derivative of l**2/2 + l - 2. Suppose -2*p = -0 + 2. Calculate a(p).
0
Let z be 6*1 + 0 - -2. Suppose i - 4*h = -3*i, -5*i + 3*h = -z. Let t(y) = -2*y**2 + i*y**2 + 0*y**2. Determine t(-1).
2
Let w be ((-2)/2)/((-2)/6). Let p be -4*((-5)/(-2))/(-5). Let b(c) = -3 + 0 + 1 - p - c. Give b(w).
-7
Let p(d) = 2*d + 4*d - 3 + 0*d - 4*d. Suppose -2*v - l + 11 = v, 5*v + 2*l = 17. Suppose -3*n + t = -t - 25, 10 = v*n + 3*t. Give p(n).
7
Let o be (-2 - (4 - 0)) + 3. Let d(n) = 9*n + 7. Let y = -10 + 5. Let l(w) = -w - 1. Let j(h) = y*l(h) - d(h). Give j(o).
10
Let g(y) be the first derivative of -y**2/2 + 28. Determine g(-5).
5
Let v(k) = 37*k - 10. Let d(s) = -25*s + 7. Let q(r) = -7*d(r) - 5*v(r). Let u(b) = 9*b - 1. Let w(f) = -6*q(f) - 7*u(f). Calculate w(3).
-8
Suppose -3*y + 15 = g - 2*g, -2*y = -2*g - 14. Suppose 4*l - 1 = -4*b + 7, 5*b = y*l + 55. Let i(a) = -a**3 + 8*a**2 - 9*a + 6. Give i(b).
-8
Let i be ((-52)/16)/((-2)/8). Suppose -2*t + k + i = 0, -5*t + 0*k = k - 15. Let n(x) = -x**3 + 5*x**2 - 6*x + 4. What is n(t)?
-4
Let d(c) be the second derivative of -4*c - 7/6*c**3 + 0 - 5/2*c**2 - 1/12*c**4. Suppose 4*t + 5 = -15. Determine d(t).
5
Let f(p) = 2 + 16*p - 6*p - 11*p. Let r(i) = i**2 + 4*i**2 - i**3 + 5*i + 2 + 0. Let y be r(6). Determine f(y).
6
Let s(f) = 3*f**3 - 9*f**2 - f + 12. Let a(i) = 16*i**3 - 46*i**2 - 5*i + 60. Let d(p) = -2*a(p) + 11*s(p). Let q be d(7). Let t(j) = j**2 - 2*j - 7. Give t(q).
8
Suppose -2*z = 2*t + 18, 2*t = -2*z - 2*t - 26. Suppose 3*l - 3 = -3*q, 4 = 2*l - 3*l. Let a(b) = -b**2 - 2 - 1 - 1 - q*b. Calculate a(z).
-4
Let t be 1/(-2 - 14/(-6)). Let v(u) be the second derivative of u**2 + u + 1/12*u**4 + 0 - 1/2*u**3. Calculate v(t).
2
Let w(k) be the third derivative of -k**5/60 + k**4/24 - 7*k**3/6 + 11*k**2. Determine w(0).
-7
Let r = 4 + 0. Let s = r - -1. Let t(k) = -6*k + 2*k + k**3 - 4*k**2 - 8 + 6. Determine t(s).
3
Let o(f) = -f**2 + 6. Let w(r) = -8*r. Let l be w(-1). Let h(v) = v**2 - 6*v - 5. Let x be h(l). Let d be 2/x - 8/44. What is o(d)?
6
Let r(i) = 5*i + 13*i + 10*i - 30*i - 1. What is r(-1)?
1
Let s(q) be the first derivative of q**4/4 - q**3 - 2*q**2 + 5*q + 9. Give s(4).
5
Let d(c) = 4*c - 1. Let i(p) = -7*p + 1. Let t(x) = -5*d(x) - 3*i(x). Determine t(6).
8
Let a(s) = -5*s - 1. Let m be 1*(4 - 2 - 1). Calculate a(m).
-6
Suppose -4 = z - 2. Let v = 7 + z. Let g(p) be the third derivative of -p**6/120 + p**5/10 - 5*p**4/24 - p**3 - 7*p**2. Determine g(v).
-6
Let n(u) = -u**2 + 2. Let x = 1 - 5. Let t be 6/21 - 160/(-28). Let h = x + t. Determine n(h).
-2
Let a(p) be the second derivative of -p**3/3 + p**2/2 + 36*p. What is a(4)?
-7
Suppose 25 = 4*p + p. Let s(h) = -2*h**3 + 3*h**3 + 6*h + p*h**2 + 12 - 6. Let r = -5 + 1. Determine s(r).
-2
Let o(a) = -a**3 + 3*a**2 + 4. Suppose -10 = -8*i + 3*i + 4*n, 0 = -3*n - 15. Let x = 5 + i. Suppose x = 2*h - h. Calculate o(h).
4
Let p(f) = -f**3 + 7*f**2 - f + 11. Let g be p(7). Let m(q) be the second derivative of -1/3*q**3 + 0 + 1/2*q**g + 1/2*q**2 - 2*q. Calculate m(1).
5
Let v(c) = -c**3 + 2*c**2 + 2*c + 2. Let w(y) = -y**3 + 22*y**2 - 41*y + 23. Let g be w(20). What is v(g)?
-1
Let b(v) = -v - 2. Suppose -21 = -5*x + h, -x - 3*h - 2 = -3. Suppose g + 35 = -x*g. Calculate b(g).
5
Let b(v) = -7*v + 2. Let c(f) = -3*f + 1. Let s(z) = -4*b(z) + 9*c(z). Let r(l) = 15*l + 6. Let u(n) = r(n) - 6*s(n). Suppose 4*y + y = -5. Calculate u(y).
-9
Suppose -2*i = -2*j + i + 35, -3*i = -4*j + 55. Let c be 4/j + (-196)/(-35). Let w(x) = x**2 - 8*x + 9. Determine w(c).
-3
Suppose 2*h + 3 = -x + 15, 5*h - 8 = 3*x. Suppose 3*k + 0*k = 2*b + h, 0 = 2*k - 4*b. Let s(z) = 6*z - 2. Calculate s(k).
10
Let c(u) be the third derivative of -u**5/30 + u**3/6 + 10*u**2. Give c(-3).
-17
Let d(f) = -f**2 + 2*f - 10. Let j be (1*-1)/(3/(-21)). Let c(h) = -4*h**2 + 5*h - 31. Let l(g) = j*d(g) - 2*c(g). What is l(-6)?
4
Let r(v) be the first derivative of -v**4/4 - 7*v**3/3 - 3*v**2/2 - 5*v + 1. Give r(-6).
-23
Let r(j) = j**3 + 7*j**2 + 9*j + 9. Let z be r(-6). Let c = z - -7. Let q(y) = 3*y + 2. What is q(c)?
-4
Let q(l) = 2*l + 6 - 6*l + 3*l. Give q(7).
-1
Let b(f) be the first derivative of f**4/4 + f**3/3 + f + 1. Let m = 12 - 10. Let l be m/(-2)*(-4)/(-4). Determine b(l).
1
Let q(k) be the first derivative of k**5/120 - 2*k**4/3 - 10*k**3/3 + 2. Let b(g) be the third derivative of q(g). Give b(0).
-16
Let x = 1 - -3. Let v(w) = 2*w**2 - x - 8 - 3*w**2. Determine v(0).
-12
Let q(g) = g**2 - 7*g. Let j(z) = z + 1. Let t be j(-5). Let h = t + 9. What is q(h)?
-10
Let z = 12 + -9. Let k(w) = w - 2. Calculate k(z).
1
Let g(t) = 8*t + 2. Let d(w) = 3*w + 1. Let b(f) = 11*d(f) - 4*g(f). Suppose 0 = -3*j + 6*j - 9. Let y be 1/(-3) - 14/j. Determine b(y).
-2
Let d(j) = j**2 + j + 1. Let n(l) = 2*l**2 + 2*l + 3. Suppose o - 11 = 5*b, -2*o - 3*b - 3 = o. Let f(c) = o*n(c) - 3*d(c). What is f(-3)?
-6
Let t(w) = w - 7. Let j(a) = -a + 1. Let l(f) = 2*j(f) + t(f). Determine l(-9).
4
Let u(k) = k**3 - 14*k**2 + 14*k - 5. Let m be u(13). Let q(j) = -m*j - 2 + 3*j + 3*j + j. Give q(3).
-5
Let x = -1 - -3. Let i(u) = 0*u + u**2 - x*u + u. Let b be ((0 - -2) + -2)/2. Calculate i(b).
0
Let y(v) = -2 + 2*v + 3 + 2*v - 3*v. Let d be -1 - (2 - -4 - 4). Calculate y(d).
-2
Let l(v) be the first derivative of -v**5/60 - v**4/4 - v**3 + v**2/2 - 7. Let j(i) be the second derivative of l(i). Calculate j(-4).
2
Let h(y) be the first derivative of -y**4/4 + 5*y**3/3 + 7*y**2/2 - y + 7. Determine h(6).
5
Let c(k) = -k**3 - 3*k**2 - k. Let x be c(-2). Let p(y) be the second derivative of 0 + y + 1/6*y**3 - 1/12*y**4 + y**2. What is p(x)?
-4
Suppose -3*h + 10 - 4 = 0. Let v(d) = 3*d**3 + h*d**2 - 4 + 3*d**3 + d + 4. Give v(-1).
-5
Let q(z